{"id":55,"date":"2014-03-07T13:03:23","date_gmt":"2014-03-07T13:03:23","guid":{"rendered":"https:\/\/www.posadadelparque.cl\/2014\/?page_id=55"},"modified":"2026-04-07T12:55:00","modified_gmt":"2026-04-07T16:55:00","slug":"posada-del-parque","status":"publish","type":"page","link":"https:\/\/www.posadadelparque.cl\/2014\/posada-del-parque\/","title":{"rendered":"QUIENES SOMOS"},"content":{"rendered":"<div class=\"page-text\"><a href=\"https:\/\/www.posadadelparque.cl\/2014\/wp-content\/uploads\/2020\/04\/vistapanoramicalateralposada-scaled-e1597873342270.jpg\"><img loading=\"lazy\" decoding=\"async\" class=\"alignnone wp-image-1642 \" src=\"https:\/\/www.posadadelparque.cl\/2014\/wp-content\/uploads\/2020\/04\/vistapanoramicalateralposada-scaled-e1597873342270-1024x650.jpg\" alt=\"\" width=\"312\" height=\"198\" srcset=\"https:\/\/www.posadadelparque.cl\/2014\/wp-content\/uploads\/2020\/04\/vistapanoramicalateralposada-scaled-e1597873342270-1024x650.jpg 1024w, https:\/\/www.posadadelparque.cl\/2014\/wp-content\/uploads\/2020\/04\/vistapanoramicalateralposada-scaled-e1597873342270-300x190.jpg 300w, https:\/\/www.posadadelparque.cl\/2014\/wp-content\/uploads\/2020\/04\/vistapanoramicalateralposada-scaled-e1597873342270-768x488.jpg 768w, https:\/\/www.posadadelparque.cl\/2014\/wp-content\/uploads\/2020\/04\/vistapanoramicalateralposada-scaled-e1597873342270-1536x975.jpg 1536w, https:\/\/www.posadadelparque.cl\/2014\/wp-content\/uploads\/2020\/04\/vistapanoramicalateralposada-scaled-e1597873342270-2048x1300.jpg 2048w\" sizes=\"auto, (max-width: 312px) 100vw, 312px\" \/><\/a>\u00a0<a href=\"https:\/\/www.posadadelparque.cl\/2014\/wp-content\/uploads\/2014\/03\/quienes_somos30544.jpg\"><img loading=\"lazy\" decoding=\"async\" class=\"alignnone size-medium wp-image-610\" src=\"https:\/\/www.posadadelparque.cl\/2014\/wp-content\/uploads\/2014\/03\/quienes_somos30544-300x199.jpg\" alt=\"quienes_somos30544\" width=\"300\" height=\"199\" srcset=\"https:\/\/www.posadadelparque.cl\/2014\/wp-content\/uploads\/2014\/03\/quienes_somos30544-300x199.jpg 300w, https:\/\/www.posadadelparque.cl\/2014\/wp-content\/uploads\/2014\/03\/quienes_somos30544.jpg 800w\" sizes=\"auto, (max-width: 300px) 100vw, 300px\" \/><\/a>\u00a0<a href=\"https:\/\/www.posadadelparque.cl\/2014\/wp-content\/uploads\/2014\/03\/quienes_somos2_cortada_800533.jpg\"><img loading=\"lazy\" decoding=\"async\" class=\"alignnone size-medium wp-image-612\" src=\"https:\/\/www.posadadelparque.cl\/2014\/wp-content\/uploads\/2014\/03\/quienes_somos2_cortada_800533-300x199.jpg\" alt=\"quienes_somos2_cortada_800533\" width=\"300\" height=\"199\" srcset=\"https:\/\/www.posadadelparque.cl\/2014\/wp-content\/uploads\/2014\/03\/quienes_somos2_cortada_800533-300x199.jpg 300w, https:\/\/www.posadadelparque.cl\/2014\/wp-content\/uploads\/2014\/03\/quienes_somos2_cortada_800533.jpg 800w\" sizes=\"auto, (max-width: 300px) 100vw, 300px\" \/><\/a><\/div>\n<p class=\"a-b-r-La\">Ubicada en el km 5 de la ruta F30E que une Conc\u00f3n con Quintero, Posada del Parque es un refugio de turismo sustentable que se inagura en el a\u00f1o 2008, inmerso en la tranquilidad del Humedal de Mantagua, un verdadero tesoro de biodiversidad. En una hist\u00f3rica casona familiar con m\u00e1s de 100 a\u00f1os, este espacio invita a reconectar con la naturaleza a trav\u00e9s de paisajes \u00fanicos, donde cada amanecer se llena del canto de las aves y la calma del entorno natural.<\/p>\n<p class=\"a-b-r-La\">M\u00e1s que un alojamiento, somos una experiencia de ecoturismo con sentido. Ofrecemos servicios de hospedaje, gastronom\u00eda y actividades como trekking, educaci\u00f3n ambiental y birdwatching, en uno de los humedales con mayor diversidad de aves en Chile, con m\u00e1s de 176 especies registradas. Contamos con senderos interpretativos, estaciones de observaci\u00f3n y m\u00faltiples espacios dise\u00f1ados para aprender, contemplar y maravillarse.<\/p>\n<p class=\"a-b-r-La\">Nuestra misi\u00f3n es brindar experiencias de bienestar, recreaci\u00f3n y aprendizaje, promoviendo el respeto y la conservaci\u00f3n del medio ambiente. Cada visita contribuye directamente a la protecci\u00f3n de este ecosistema, siendo parte activa de un modelo de desarrollo sustentable que integra comunidad, naturaleza y econom\u00eda local.<\/p>\n<h4 class=\"a-b-r-La\"><span style=\"color: #008000;\">Nuestras \u00e1reas de acci\u00f3n<\/span><\/h4>\n<h4 class=\"a-b-r-La\">RSE Ambiental<\/h4>\n<p class=\"a-b-r-La\">Desde 2008 impulsamos la Beca Mar\u00eda Ang\u00e9lica Rosselot, facilitando el acceso gratuito a experiencias de educaci\u00f3n ambiental para colegios, organizaciones comunitarias y adultos mayores. Una iniciativa que refleja nuestro compromiso con la inclusi\u00f3n, la conciencia ecol\u00f3gica y el bienestar social.<\/p>\n<h4 class=\"a-b-r-La\">Ecoturismo Sustentable<\/h4>\n<p class=\"a-b-r-La\">Desarrollamos experiencias de alojamiento, gastronom\u00eda y actividades en la naturaleza bajo un enfoque de turismo responsable, donde cada visita promueve el respeto por el entorno y aporta a su conservaci\u00f3n.<\/p>\n<h4 class=\"a-b-r-La\">Educaci\u00f3n e Investigaci\u00f3n<\/h4>\n<p class=\"a-b-r-La\">Fomentamos el aprendizaje en terreno a trav\u00e9s de programas de educaci\u00f3n cient\u00edfica ambiental, salidas pedag\u00f3gicas y colaboraci\u00f3n con investigaciones, fortaleciendo el v\u00ednculo entre las personas y los ecosistemas.<\/p>\n<h4 class=\"a-b-r-La\">Acci\u00f3n Ambiental y Restauraci\u00f3n<\/h4>\n<p class=\"a-b-r-La\">Lideramos iniciativas de reforestaci\u00f3n, restauraci\u00f3n ecol\u00f3gica y protecci\u00f3n de la biodiversidad, trabajando activamente por la recuperaci\u00f3n y conservaci\u00f3n del Humedal de Mantagua.<\/p>\n<h4 class=\"a-b-r-La\">Consumo Consciente<\/h4>\n<p class=\"a-b-r-La\">Promovemos pr\u00e1cticas sostenibles en nuestra operaci\u00f3n diaria e invitamos a nuestros visitantes a adoptar h\u00e1bitos responsables, aportando juntos a un estilo de vida m\u00e1s respetuoso con el medio ambiente.<\/p>\n<p class=\"a-b-r-La\">A lo largo de nuestra trayectoria, hemos sido reconocidos por nuestro compromiso con la sustentabilidad y la calidad, obteniendo el <strong>Sello S de Sustentabilidad y el Sello Q de Calidad Tur\u00edstica<\/strong> otorgado por SERNATUR, lo que respalda una experiencia confiable, c\u00e1lida y de alto est\u00e1ndar.<\/p>\n<p class=\"a-b-r-La\">Posada del Parque es ideal para quienes buscan desconectarse, vivir la naturaleza en estado puro y ser parte de un turismo responsable.<\/p>\n<p class=\"a-b-r-La\">Te invitamos a vivir un lugar donde el tiempo se detiene y la naturaleza se transforma en la mejor anfitriona.<\/p>\n<p class=\"a-b-r-La\">Te esperamos con los brazos abiertos, en un lugar donde el tiempo se detiene y la naturaleza es la mejor anfitriona.<\/p>\n<p>&nbsp;<\/p>\n","protected":false},"excerpt":{"rendered":"<p>\u00a0\u00a0 Ubicada en el km 5 de la ruta F30E que une Conc\u00f3n con Quintero, Posada del Parque es un refugio de turismo sustentable que se inagura en el a\u00f1o 2008, inmerso en la tranquilidad del Humedal de Mantagua, un verdadero tesoro de biodiversidad. En una hist\u00f3rica casona familiar con m\u00e1s de 100 a\u00f1os, este espacio invita a reconectar con la naturaleza a trav\u00e9s de paisajes \u00fanicos, donde cada amanecer se llena del canto de las aves y la calma del entorno natural. M\u00e1s que un alojamiento, somos una experiencia de ecoturismo con sentido. Ofrecemos servicios de hospedaje, gastronom\u00eda y&#8230;<\/p>\n","protected":false},"author":1,"featured_media":0,"parent":0,"menu_order":0,"comment_status":"open","ping_status":"open","template":"","meta":{"footnotes":""},"class_list":["post-55","page","type-page","status-publish","hentry"],"_links":{"self":[{"href":"https:\/\/www.posadadelparque.cl\/2014\/wp-json\/wp\/v2\/pages\/55","targetHints":{"allow":["GET"]}}],"collection":[{"href":"https:\/\/www.posadadelparque.cl\/2014\/wp-json\/wp\/v2\/pages"}],"about":[{"href":"https:\/\/www.posadadelparque.cl\/2014\/wp-json\/wp\/v2\/types\/page"}],"author":[{"embeddable":true,"href":"https:\/\/www.posadadelparque.cl\/2014\/wp-json\/wp\/v2\/users\/1"}],"replies":[{"embeddable":true,"href":"https:\/\/www.posadadelparque.cl\/2014\/wp-json\/wp\/v2\/comments?post=55"}],"version-history":[{"count":37,"href":"https:\/\/www.posadadelparque.cl\/2014\/wp-json\/wp\/v2\/pages\/55\/revisions"}],"predecessor-version":[{"id":2817,"href":"https:\/\/www.posadadelparque.cl\/2014\/wp-json\/wp\/v2\/pages\/55\/revisions\/2817"}],"wp:attachment":[{"href":"https:\/\/www.posadadelparque.cl\/2014\/wp-json\/wp\/v2\/media?parent=55"}],"curies":[{"name":"wp","href":"https:\/\/api.w.org\/{rel}","templated":true}]}}