{"id":152,"date":"2014-03-07T18:30:05","date_gmt":"2014-03-07T18:30:05","guid":{"rendered":"https:\/\/www.posadadelparque.cl\/2014\/?page_id=152"},"modified":"2024-04-28T18:18:20","modified_gmt":"2024-04-28T22:18:20","slug":"actividades-2","status":"publish","type":"page","link":"https:\/\/www.posadadelparque.cl\/2014\/actividades-2\/","title":{"rendered":"ACTIVIDADES"},"content":{"rendered":"<h2 style=\"text-align: center;\">-\u201c40 hect\u00e1reas para una aventura ecol\u00f3gica\u201d<\/h2>\n<p><a href=\"https:\/\/www.posadadelparque.cl\/2014\/wp-content\/uploads\/2020\/04\/ATARDECER-HUMEDAL-DRON-2020.jpg\"><img loading=\"lazy\" decoding=\"async\" class=\"alignnone size-large wp-image-1604\" src=\"https:\/\/www.posadadelparque.cl\/2014\/wp-content\/uploads\/2020\/04\/ATARDECER-HUMEDAL-DRON-2020-1024x575.jpg\" alt=\"\" width=\"1024\" height=\"575\" srcset=\"https:\/\/www.posadadelparque.cl\/2014\/wp-content\/uploads\/2020\/04\/ATARDECER-HUMEDAL-DRON-2020-1024x575.jpg 1024w, https:\/\/www.posadadelparque.cl\/2014\/wp-content\/uploads\/2020\/04\/ATARDECER-HUMEDAL-DRON-2020-300x169.jpg 300w, https:\/\/www.posadadelparque.cl\/2014\/wp-content\/uploads\/2020\/04\/ATARDECER-HUMEDAL-DRON-2020-768x432.jpg 768w, https:\/\/www.posadadelparque.cl\/2014\/wp-content\/uploads\/2020\/04\/ATARDECER-HUMEDAL-DRON-2020.jpg 1162w\" sizes=\"auto, (max-width: 1024px) 100vw, 1024px\" \/><\/a><\/p>\n<p style=\"text-align: center;\">Te invitamos a realizar nuestras actividades de manera entretenida, segura y sustentable tratando de producir el menor impacto posible. El tipo de turismo que realizamos es de conservaci\u00f3n, restauraci\u00f3n y protecci\u00f3n de los 6 ecosistemas que vamos a recorrer.<\/p>\n<p style=\"text-align: center;\">Vis\u00edtanos y se parte de nuestra causa.<\/p>\n<p>Las actividades de las cuales podr\u00e1s disfrutar son:<\/p>\n<ul>\n<li>Caminatas<\/li>\n<li>Avistamiento de aves<\/li>\n<li>Entrada al Parque<\/li>\n<li>Uso de Instalaci\u00f3n<\/li>\n<\/ul>\n<h3><span style=\"color: #008000;\">Tips de nuestras actividades<\/span><\/h3>\n<p>1.-\u00a0Actividades\u00a0realizables durante todo el a\u00f1o.<\/p>\n<p>2.- Grupos de 2 a 10 personas como m\u00e1ximo, las cuales, seg\u00fan la actividad se distribuir\u00e1n en grupos peque\u00f1os.<\/p>\n<p>3.- Duraci\u00f3n de \u00bd a 4 horas dependiendo de la actividad<\/p>\n<p>4.- Todas las actividades son conducidas por un profesional del ecoturismo biling\u00fce<\/p>\n<p>5.- El recorrido se realiza por\u00a0 los seis ecosistemas o parte de ellos dependiendo de la actividad elegida (Humedal de Mantagua, bosque nativo escler\u00f3filo alto y bajo, dunas, playa de Ritoque y albufera.)<\/p>\n<p>6.- Para la actividad se debe llegar con media hora de anticipaci\u00f3n al inicio.<\/p>\n<p>7.- Previo a todas las actividades se realiza una charla \u00a0te\u00f3rica-practica de tal forma que la actividad se realice de manera segura y optima.<\/p>\n<p>8.- Dependiendo de la actividad se entrega 1 equipo de seguridad o necesario para el buen desarrollo de esta misma el cual se encuentra sanitizado seg\u00fan los protocolos.<\/p>\n<p>9.- Se incluye Snack o Boxlunch dependiendo de la duraci\u00f3n de la actividad.<\/p>\n<p>10.- Al finalizar un fog\u00f3n m\u00e1s una infusi\u00f3n de nuestro jard\u00edn de hierbas.<\/p>\n<p>11.- Estas actividades pueden participar principiantes y tambi\u00e9n expertos<\/p>\n<p><strong><br \/>\nLos valores que se describen a continuaci\u00f3n en cada actividad se consideran de dos personas hacia arriba. El valor por una sola persona al realizar cualquiera de las actividades tiene un recargo de un 50 % sobre el valor de lista.\u00a0<\/strong><br \/>\n<iframe loading=\"lazy\" title=\"\u00bfComo Hacer un eco ladrillo? Valpo Interviene \/ Chile.\" width=\"500\" height=\"281\" src=\"https:\/\/www.youtube.com\/embed\/NtHV01dqIzo?feature=oembed\" frameborder=\"0\" allow=\"accelerometer; autoplay; clipboard-write; encrypted-media; gyroscope; picture-in-picture; web-share\" referrerpolicy=\"strict-origin-when-cross-origin\" allowfullscreen><\/iframe><\/p>\n","protected":false},"excerpt":{"rendered":"<p>-\u201c40 hect\u00e1reas para una aventura ecol\u00f3gica\u201d Te invitamos a realizar nuestras actividades de manera entretenida, segura y sustentable tratando de producir el menor impacto posible. El tipo de turismo que realizamos es de conservaci\u00f3n, restauraci\u00f3n y protecci\u00f3n de los 6 ecosistemas que vamos a recorrer. Vis\u00edtanos y se parte de nuestra causa. Las actividades de las cuales podr\u00e1s disfrutar son: Caminatas Avistamiento de aves Entrada al Parque Uso de Instalaci\u00f3n Tips de nuestras actividades 1.-\u00a0Actividades\u00a0realizables durante todo el a\u00f1o. 2.- Grupos de 2 a 10 personas como m\u00e1ximo, las cuales, seg\u00fan la actividad se distribuir\u00e1n en grupos peque\u00f1os. 3.- Duraci\u00f3n&#8230;<\/p>\n","protected":false},"author":1,"featured_media":0,"parent":0,"menu_order":0,"comment_status":"open","ping_status":"open","template":"","meta":{"footnotes":""},"class_list":["post-152","page","type-page","status-publish","hentry"],"_links":{"self":[{"href":"https:\/\/www.posadadelparque.cl\/2014\/wp-json\/wp\/v2\/pages\/152","targetHints":{"allow":["GET"]}}],"collection":[{"href":"https:\/\/www.posadadelparque.cl\/2014\/wp-json\/wp\/v2\/pages"}],"about":[{"href":"https:\/\/www.posadadelparque.cl\/2014\/wp-json\/wp\/v2\/types\/page"}],"author":[{"embeddable":true,"href":"https:\/\/www.posadadelparque.cl\/2014\/wp-json\/wp\/v2\/users\/1"}],"replies":[{"embeddable":true,"href":"https:\/\/www.posadadelparque.cl\/2014\/wp-json\/wp\/v2\/comments?post=152"}],"version-history":[{"count":13,"href":"https:\/\/www.posadadelparque.cl\/2014\/wp-json\/wp\/v2\/pages\/152\/revisions"}],"predecessor-version":[{"id":2742,"href":"https:\/\/www.posadadelparque.cl\/2014\/wp-json\/wp\/v2\/pages\/152\/revisions\/2742"}],"wp:attachment":[{"href":"https:\/\/www.posadadelparque.cl\/2014\/wp-json\/wp\/v2\/media?parent=152"}],"curies":[{"name":"wp","href":"https:\/\/api.w.org\/{rel}","templated":true}]}}